555. What are the prime factors of s?
109
Suppose 2*a = 5*p + 1611 + 1266, 5*a + 2*p = 7207. What are the prime factors of a?
11, 131
Let d(h) = -h - 2. Suppose -4*a - 2 - 6 = 0. Let g be d(a). Suppose g = -u - 2*v + 21, -14 - 33 = -3*u - 2*v. List the prime factors of u.
13
Let s(x) = -11 - 10 + x**2 + 0*x + 0*x + 11*x. What are the prime factors of s(-15)?
3, 13
Let b(v) = v**2 + 27*v + 34. List the prime factors of b(10).
2, 101
Let u be 2*(-15 - (-1)/1). Let j be (3 + -4)*u/2. What are the prime factors of 4/j + (-600)/(-56)?
11
Let o(h) = -13*h + 716. What are the prime factors of o(19)?
7, 67
Let c(m) be the third derivative of m**5/10 + m**4/3 - 5*m**3/6 - m**2 + 6*m. What are the prime factors of c(5)?
5, 37
Suppose 0 = -4*h - 16, 4*w - 2*h - 376 = -4*h. What are the prime factors of w?
2, 3
Let b(a) = a**3 + 6*a**2 - 6*a + 10. Let r be b(-7). Let n be 2 - (-3 - (r + -2)). Let u = 13 - n. List the prime factors of u.
7
Let j = -104 - -309. What are the prime factors of j?
5, 41
Let m = -3915 + 6989. What are the prime factors of m?
2, 29, 53
Suppose -3389 = -3*p + 568. What are the prime factors of p?
1319
Suppose 5*i - 5*a + 138 = 633, 2*i - 3*a - 201 = 0. Suppose 0 = -5*w + 44 + i. List the prime factors of w.
2, 7
Suppose -5*j + x = 3*x - 1106, 431 = 2*j - 3*x. Let o be 1/(664/j - 3). Suppose -z + o = 4*z. What are the prime factors of z?
11
Let u(d) be the third derivative of d**6/120 + 2*d**5/15 + 5*d**4/24 + 7*d**3/6 + 10*d**2. What are the prime factors of u(-5)?
3, 19
Suppose 2*i = 3*c - i - 1914, 644 = c - 3*i. List the prime factors of c.
5, 127
Let s(o) = -45*o + 10. Let z be (-13 - -11)*(-2)/(-2). List the prime factors of s(z).
2, 5
Suppose -o = -4*f - 285, 3*f = -5*o - 32 + 1434. What are the prime factors of o?
281
Suppose -4608 = 16*g - 28*g. List the prime factors of g.
2, 3
Suppose 609*z = 604*z + 5370. What are the prime factors of z?
2, 3, 179
Suppose 19*s + 758 - 2297 = 0. What are the prime factors of s?
3
Let v = 64 - 28. Let b be (48/v)/(1/(-6)). Let m(t) = t + 30. What are the prime factors of m(b)?
2, 11
Let c be (-31)/3 + (-6)/9. Let m = -3 - c. List the prime factors of m/20 + (-52)/(-20).
3
Let j = -866 + 888. List the prime factors of j.
2, 11
What are the prime factors of (3430 + (7 - -2))*1?
19, 181
Suppose 5*u = 3*z - 4*z + 362, 5*u = 4*z - 1473. List the prime factors of z.
367
Suppose -f + 2*q + 1528 = 0, 3*q - 213 = -2*f + 2815. What are the prime factors of f?
2, 5, 19
List the prime factors of -7 + -1534*7/(-7).
3, 509
Let f = -56 + 41. What are the prime factors of (9/f)/((-1)/165)?
3, 11
Suppose -3*v + 13 = 5*j - 9, -v + 4*j + 13 = 0. List the prime factors of v.
3
Let c = 8 + 9. Let k = c + 69. What are the prime factors of k?
2, 43
Suppose -3*o + 5 = -4. Let u = 6 - o. Suppose 0 = 6*k - u*k - 84. What are the prime factors of k?
2, 7
Let z(w) = -3 + 10 + 27 - 45*w + 43*w. What are the prime factors of z(12)?
2, 5
Let z(n) = 7*n**2 + 10*n + 20. List the prime factors of z(-8).
2, 97
Suppose 0 = -4*t + 10*t - 30. Suppose -4*i + 4*f = -264, t*f + 9 = i - 69. List the prime factors of i.
3, 7
Let v(l) = l**3 - 15*l**2 - 35*l - 14. List the prime factors of v(18).
2, 41
Let z(b) = b**2 + 5*b - 6. Let m be z(-6). Suppose 2*o - 3*o - 39 = m. Let r = o + 68. List the prime factors of r.
29
Let y(d) = -7*d**2 - 4*d - 2. Let j be y(-2). Let a = j - -32. List the prime factors of (4/a)/(1/65).
2, 13
Let c = 34 + -46. What are the prime factors of (1 - -71)*c/(-24)?
2, 3
Let h(p) = 26*p**3 - p**2 - 32*p + 17. List the prime factors of h(5).
2, 23, 67
Let f(t) be the first derivative of -t**4/4 - 5*t**3/3 + 5*t**2/2 - 9*t - 1. Let a be f(-6). List the prime factors of (-76)/(-4) + 2 + a.
2, 3
Suppose 24*x - 19*x - 5 = 0. What are the prime factors of x/8 - (-894)/16?
2, 7
Let f be 34 - -3 - 2 - -1. Let d(n) = -2*n**3 - 5*n**2 - 5*n - 5. Let p be d(-4). Let s = p - f. List the prime factors of s.
3
Suppose -67*j + 27992 + 35390 = 0. What are the prime factors of j?
2, 11, 43
Suppose -43*i = -85404 + 3145. What are the prime factors of i?
1913
Suppose 4*w + 0 = 8. Suppose 3*h - w*h = 28. What are the prime factors of h?
2, 7
Let h(c) = c**3 - 9*c**2 + 8*c + 3. Let x be h(8). Suppose -5*j - f = -1345, -x*j = -0*f + 5*f - 785. Suppose -j = -6*v + v. What are the prime factors of v?
2, 3
Suppose -626 - 35 = -g. What are the prime factors of g?
661
Let b(h) = h**3 + 8*h**2 - 7*h + 2. Let r be b(-8). Let z = r + -36. What are the prime factors of z?
2, 11
Let c = 180 - 170. Let n = 15 - 28. Let w = c - n. What are the prime factors of w?
23
Let w = -35 - -21. Let s(q) = q**2 + 12*q + 6. Let p be s(w). Let z = 56 - p. What are the prime factors of z?
2, 11
Suppose 20*m - 8091 = 53349. What are the prime factors of m?
2, 3
Let u(z) = -4*z**3 - z**2 + z + 1. Let t be u(-1). Suppose t*v = 5*k + 45, 12 = -2*k - 2*k. List the prime factors of v.
2, 5
Let z be (-1 + 35)*(-1)/1. Let c = z + 2. Let q = 69 + c. List the prime factors of q.
37
Suppose 320 = 3*b + 68. What are the prime factors of b?
2, 3, 7
Suppose g + 0*q = -5*q + 14, 20 = -2*g + 2*q. Let m = -4 - g. List the prime factors of m + (-3 - (3 - 11)).
7
Let g(p) = 23*p - 25. Let x(w) = 8*w - 8. Let t(i) = 3*g(i) - 8*x(i). Suppose 7*r - 3*r - 27 = -b, 4*b = 2*r + 18. List the prime factors of t(b).
2, 3
Let o be (36/45)/(2/(-10)*-2). List the prime factors of (o/(-6))/((-15)/4455).
3, 11
What are the prime factors of ((-305)/(-35) - -5)/((-8)/(-2324))?
2, 3, 83
Let z(n) = n**2 + n - 8. Let s be z(6). Let l be (2/(-4))/((-1)/s). Suppose -117 + l = -2*a. What are the prime factors of a?
2, 5
Suppose v + x - 63 = 668, -4*v + 2919 = 5*x. List the prime factors of v.
2, 23
Let k be (-4 - 24/10)/(2/40). Let z = -72 - k. List the prime factors of z.
2, 7
Let z(r) = 3*r**2 - 6*r + 5. What are the prime factors of z(-5)?
2, 5, 11
Let c(k) be the third derivative of -k**4/12 - k**3/6 - 7*k**2. Let r be c(-3). Suppose -y = 3*z - 6*z - 43, -2*z = r*y - 300. List the prime factors of y.
2, 29
Suppose v - 871 = -3*q, -3*v - q = -2938 + 293. What are the prime factors of v?
883
Suppose 2*y = 3*s - 898, -3*y + 2*y = 4*s - 1179. List the prime factors of s.
2, 37
Let x be 1 + -3 + (-22)/(-2). Let k be 2/6 + 645/x. Let d = -41 + k. What are the prime factors of d?
31
Let t(h) = h**2 + 11*h - 2. Let y be t(-9). Suppose 5*c + 2*p = 124, 5*c + p - 66 = 61. Let s = c + y. List the prime factors of s.
2, 3
Let u = -6 + 16. Suppose -3*j + 187 = u. What are the prime factors of j?
59
Let a = 956 - 91. Suppose 0 = -0*f - 5*f + 5*o + a, o = -f + 181. List the prime factors of f.
3, 59
Suppose 10 = -d - 5*v - 8, -3*v = 3*d - 6. Let p(b) = 0 - 3 + 3 + d*b - 2. What are the prime factors of p(5)?
3, 11
Let k(s) = 15*s**2 + 5*s - 127. What are the prime factors of k(14)?
3, 31
Let v = 17 - 15. Let y(z) = z**2 - 2*z - 1. Let p be y(v). List the prime factors of 3/p + 2 + 25.
2, 3
Suppose -27 - 3 = -15*v. Suppose -v*d + 131 = -0*d + 3*u, d - 3*u = 52. List the prime factors of d.
61
Let k(m) = -2*m**2 + 17*m - 19. Let q be k(7). Suppose q*d - s - 439 = -2*d, -4*s = 2*d - 242. List the prime factors of d.
3, 37
Suppose -83 = -10*q + 57. Let x(n) = -3*n**3 + 15*n**2 - 14*n - 16. Let y(o) = o**3 + o. Let k(h) = x(h) + 2*y(h). What are the prime factors of k(q)?
2, 3
Suppose -23*t + 27*t + 4*u = 1848, 0 = 5*t - 4*u - 2283. List the prime factors of t.
3, 17
Let o = 125 + -91. List the prime factors of o.
2, 17
Suppose -5*k + l + 2313 = 0, -1178 - 682 = -4*k - 4*l. List the prime factors of k.
463
Let z = -1 + 10. Suppose 2*x = -3*u + 20 + z, -80 = -5*x - 5*u. Let t = x - 9. What are the prime factors of t?
2, 5
Suppose 2*c - 15 = -3*c. Let k be c + -3 + 1 + 3. Suppose -11 + 205 = 3*a + k*r, -3*r = -a + 82. List the prime factors of a.
2, 5, 7
Let v = 13 + -17. List the prime factors of ((-2)/v - (-806)/4)/2.
101
Let u be ((-9)/(-3) - -30)*-4. Let r = -46 - u. What are the prime factors of r?
2, 43
Suppose -5699 - 827 = -13*f. List the prime factors of f.
2, 251
Let o(c) = c + 8. Let g be o(7). Let w = g + -11. Suppose 5*t - 192 = t - w*n, 240 = 5*t - n. List the prime factors of t.
2, 3
Let h be 3 + (-4 - -5) + -141. Let a = h - -383. What are the prime factors of a?
2, 3, 41
Let a = 20 + 112. 